4103 and 187?
11
Calculate the highest common divisor of 3144 and 21768.
24
Calculate the greatest common divisor of 163058 and 1148.
14
Calculate the highest common factor of 494787 and 7074.
393
What is the highest common divisor of 11563 and 17531?
373
Calculate the highest common divisor of 9610 and 3550.
10
Calculate the highest common divisor of 1 and 71402.
1
Calculate the highest common factor of 20865 and 1365.
195
Calculate the greatest common factor of 45 and 177615.
45
Calculate the greatest common divisor of 5 and 790815.
5
What is the highest common divisor of 171 and 404010?
9
What is the greatest common factor of 660 and 3780?
60
Calculate the highest common divisor of 1144 and 36920.
104
What is the highest common factor of 4860 and 116100?
540
Calculate the greatest common divisor of 591 and 12.
3
What is the highest common factor of 744 and 5704?
248
What is the highest common factor of 29998 and 566?
566
Calculate the highest common divisor of 426 and 8378.
142
What is the greatest common factor of 317872 and 80?
16
What is the highest common divisor of 879 and 538827?
879
Calculate the highest common divisor of 14256 and 228.
12
Calculate the greatest common factor of 60 and 290100.
60
Calculate the highest common factor of 192921 and 963.
321
Calculate the highest common divisor of 531 and 1143.
9
Calculate the greatest common divisor of 147 and 130683.
147
Calculate the greatest common divisor of 4487 and 91.
7
What is the highest common factor of 12 and 64884?
12
What is the highest common divisor of 466260 and 190?
190
Calculate the greatest common divisor of 1041240 and 80.
40
Calculate the greatest common factor of 601 and 17.
1
What is the greatest common divisor of 85969 and 221?
221
What is the greatest common factor of 82946 and 134?
134
What is the highest common divisor of 540 and 111195?
45
What is the highest common factor of 208100 and 60?
20
What is the greatest common divisor of 5096 and 11635?
13
Calculate the highest common factor of 795927 and 66.
33
Calculate the greatest common divisor of 35183 and 932.
233
What is the greatest common factor of 8355 and 390?
15
Calculate the highest common divisor of 2914 and 1054.
62
What is the highest common divisor of 54 and 631242?
18
What is the greatest common factor of 56 and 584?
8
Calculate the greatest common divisor of 6 and 11619.
3
Calculate the highest common factor of 483 and 70449.
69
What is the greatest common factor of 11 and 178123?
11
What is the greatest common divisor of 256282 and 1612?
26
What is the greatest common factor of 44 and 437756?
44
Calculate the highest common divisor of 268 and 927548.
268
What is the highest common factor of 27 and 753?
3
What is the greatest common divisor of 563057 and 187?
187
What is the greatest common divisor of 4304 and 48?
16
Calculate the greatest common divisor of 204 and 74784.
12
Calculate the highest common factor of 3679209 and 2322.
1161
Calculate the greatest common divisor of 353 and 1460361.
353
Calculate the greatest common divisor of 260 and 9980.
20
What is the highest common factor of 95 and 506084?
19
Calculate the highest common factor of 1777503 and 21.
21
What is the highest common divisor of 36 and 118926?
18
What is the highest common factor of 32617 and 1677?
13
Calculate the highest common divisor of 103246 and 198.
22
What is the highest common factor of 153 and 6681?
51
Calculate the greatest common factor of 83585 and 146.
73
Calculate the greatest common divisor of 59171 and 175.
7
Calculate the highest common divisor of 6 and 499326.
6
Calculate the greatest common divisor of 1320 and 180015.
165
What is the greatest common divisor of 74 and 39724?
2
What is the highest common factor of 2685 and 18437?
179
What is the greatest common factor of 273 and 1962012?
39
Calculate the highest common divisor of 1465 and 3439820.
1465
Calculate the highest common divisor of 46504 and 40.
8
Calculate the greatest common divisor of 300 and 173025.
75
What is the greatest common factor of 1218371 and 7?
7
Calculate the greatest common factor of 15 and 198165.
15
Calculate the greatest common divisor of 75769 and 17.
17
Calculate the greatest common divisor of 14058 and 1386.
198
Calculate the greatest common divisor of 33 and 12837.
33
What is the highest common factor of 4678330 and 10?
10
What is the greatest common factor of 7426 and 42206?
94
What is the highest common divisor of 16 and 246112?
16
Calculate the greatest common factor of 940 and 43475.
235
Calculate the greatest common divisor of 1169262 and 4779.
1593
Calculate the highest common factor of 688 and 7763048.
344
What is the highest common divisor of 152935 and 11315?
365
What is the highest common factor of 52944 and 8472?
24
Calculate the greatest common divisor of 254 and 11341862.
254
What is the highest common divisor of 12369 and 3069?
93
What is the greatest common factor of 1813200 and 900?
300
What is the highest common divisor of 2635 and 63395?
155
Calculate the highest common factor of 527 and 11516531.
527
Calculate the greatest common factor of 720 and 2260.
20
What is the highest common factor of 204 and 438?
6
Calculate the greatest common divisor of 71920 and 1392.
464
What is the greatest common factor of 260225 and 525?
175
Calculate the greatest common divisor of 37022 and 19046.
214
What is the greatest common divisor of 129800 and 22?
22
What is the greatest common factor of 4068 and 24129?
9
What is the highest common factor of 1208 and 5587?
151
What is the highest common divisor of 4066 and 190?
38
What is the greatest common factor of 51 and 606084?
51
Calculate the greatest common factor of 94 and 934.
2
Calculate the greatest common factor of 3621 and 145095.
51
What is the greatest common factor of 76412 and 28?
28
Calculate the greatest common factor of 2145 and 16770.
195
Calculate the highest common factor of 37 and 499.
1
What is the highest common divisor of 1596 and 2688?
84
What is the highest common factor of 102 and 165801?
51
Calculate the greatest common factor of 341019 and 252.
63
Calculate the highest common divisor of 319222 and 18194.
1654
Calculate the greatest common divisor of 8755 and 117980.
85
What is the highest common divisor of 100 and 11540?
20
Calculate the highest common factor of 38 and 4796189.
19
Calculate the highest common divisor of 29728 and 160.
32
What is the highest common factor of 666573 and 166?
83
What is the highest common divisor of 247205 and 1225?
245
Calculate the greatest common divisor of 1221 and 26196.
111
What is the highest common divisor of 270 and 65745?
135
Calculate the highest common factor of 3418 and 16.
2
What is the greatest common divisor of 1037754 and 234?
18
Calculate the highest common factor of 408 and 31875.
51
What is the greatest common divisor of 755 and 199?
1
Calculate the highest common divisor of 13197 and 1272.
159
Calculate the highest common factor of 10062 and 4914.
234
What is the greatest common divisor of 465152 and 138?
46
Calculate the highest common factor of 19085 and 66.
11
Calculate the greatest common factor of 120 and 12405.
15
What is the highest common divisor of 160 and 27332?
4
What is the highest common factor of 1536 and 15168?
192
What is the greatest common factor of 129 and 104619?
129
What is the greatest common divisor of 3949 and 129958?
359
Calculate the greatest common divisor of 1651546 and 26.
26
Calculate the greatest common factor of 9868 and 16.
4
Calculate the highest common factor of 640 and 25040.
80
What is the highest common divisor of 456 and 3819?
57
What is the highest common divisor of 11380 and 1220?
20
Calculate the highest common divisor of 2012361 and 117.
39
What is the highest common divisor of 39474 and 172?
86
Calculate the greatest common factor of 3474 and 750.
6
What is the highest common divisor of 3268 and 559?
43
Calculate the highest common factor of 4262979 and 21.
21
What is the greatest common divisor of 103 and 311?
1
Calculate the highest common factor of 35829 and 54.
27
Calculate the highest common factor of 126 and 1858878.
126
Calculate the greatest common divisor of 495 and 1056.
33
What is the greatest common divisor of 18 and 74748?
6
Calculate t